{"id":5488,"date":"2023-03-28T11:28:47","date_gmt":"2023-03-28T16:28:47","guid":{"rendered":"https:\/\/web.ugelcondesuyos.com\/?page_id=5488"},"modified":"2023-07-25T10:11:51","modified_gmt":"2023-07-25T15:11:51","slug":"cem-condesuyos","status":"publish","type":"page","link":"https:\/\/web.ugelcondesuyos.com\/?page_id=5488","title":{"rendered":"CEM-CONDESUYOS"},"content":{"rendered":"\n<p class=\"has-text-align-center\"><img decoding=\"async\" class=\"wp-image-993\" style=\"width: 150px;\" src=\"https:\/\/web.ugelcondesuyos.com\/wp-content\/uploads\/WhatsApp-Image-2022-11-16-at-2.06.49-PM.jpeg\" alt=\"\"> <\/p>\n\n\n\n<h1 class=\"wp-block-heading\">ConsejoChat100 I No sigas el ejemplo de las amistades de Camila. Mejor chatea con tus amigas y amigos del #Chat100. \ud83d\udcf2\ud83d\udcbb<\/h1>\n\n\n\n<p>Recuerda: Detr\u00e1s de una pantalla puede estar un potencial agresor.\ud83d\udc4b\ud83d\udeab<\/p>\n\n\n\n<figure class=\"wp-block-video\"><video controls src=\"https:\/\/web.ugelcondesuyos.com\/wp-content\/uploads\/WhatsApp-Video-2023-07-24-at-5.14.12-PM.mp4\"><\/video><\/figure>\n\n\n\n<h1 class=\"wp-block-heading\">ConsejoNNA | Si alguien te vulnera f\u00edsica y psicol\u00f3gicamente en tu hogar, sigue nuestro consejo.<\/h1>\n\n\n\n<p>\ud83d\udc49Para recibir orientaci\u00f3n o atenci\u00f3n, llama a la #L\u00ednea100, escribe al #Chat100 o acude a los Centro Emergencia Mujer (#CEM).<\/p>\n\n\n\n<figure class=\"wp-block-video\"><video controls src=\"https:\/\/web.ugelcondesuyos.com\/wp-content\/uploads\/WhatsApp-Video-2023-07-24-at-5.14.31-PM.mp4\"><\/video><\/figure>\n\n\n\n<p>La UGEL Condesuyos &nbsp;y el CEM Condesuyos&nbsp; en el marco de la intervenci\u00f3n \u201cImplementaci\u00f3n y seguimiento de los procesos de fortalecimiento de gesti\u00f3n de las UGEL para la prevenci\u00f3n de la violencia contra las mujeres y los integrantes del grupo familiar 2022- 2023\u201d . El Centro Emergencia Mujer Condesuyos presentan el Kit de Materiales para la prevenci\u00f3n de la violencia contra las mujeres y los integrantes del grupo familiar en la comunidad educativa:<\/p>\n\n\n\n<figure class=\"wp-block-image size-full\"><img decoding=\"async\" loading=\"lazy\" width=\"960\" height=\"720\" src=\"https:\/\/web.ugelcondesuyos.com\/wp-content\/uploads\/WhatsApp-Image-2023-03-28-at-11.25.58-AM.jpeg\" alt=\"\" class=\"wp-image-5491\" srcset=\"https:\/\/web.ugelcondesuyos.com\/wp-content\/uploads\/WhatsApp-Image-2023-03-28-at-11.25.58-AM.jpeg 960w, https:\/\/web.ugelcondesuyos.com\/wp-content\/uploads\/WhatsApp-Image-2023-03-28-at-11.25.58-AM-300x225.jpeg 300w, https:\/\/web.ugelcondesuyos.com\/wp-content\/uploads\/WhatsApp-Image-2023-03-28-at-11.25.58-AM-768x576.jpeg 768w\" sizes=\"(max-width: 960px) 100vw, 960px\" \/><\/figure>\n\n\n\n<p>Descarga los materiales aqu\u00ed: &nbsp;&nbsp;<\/p>\n\n\n\n<div class=\"wp-block-file\"><object class=\"wp-block-file__embed\" data=\"https:\/\/web.ugelcondesuyos.com\/wp-content\/uploads\/Afiche-PROTOCOLOF_compressed.pdf\" type=\"application\/pdf\" style=\"width:100%;height:600px\" aria-label=\"Incrustado de Afiche-PROTOCOLOF_compressed.\"><\/object><a id=\"wp-block-file--media-be1386f6-8d7b-4f85-90e2-fd3ec23325e3\" href=\"https:\/\/web.ugelcondesuyos.com\/wp-content\/uploads\/Afiche-PROTOCOLOF_compressed.pdf\">Afiche-PROTOCOLOF_compressed<\/a><a href=\"https:\/\/web.ugelcondesuyos.com\/wp-content\/uploads\/Afiche-PROTOCOLOF_compressed.pdf\" class=\"wp-block-file__button wp-element-button\" download aria-describedby=\"wp-block-file--media-be1386f6-8d7b-4f85-90e2-fd3ec23325e3\">Descarga<\/a><\/div>\n\n\n\n<p>\ud83d\udc69\u200d\u2764\ufe0f\u200d\ud83d\udc68El 18.6 % de la poblaci\u00f3n considera que el var\u00f3n cela a su esposa o pareja porque as\u00ed le demuestra que la ama (Enares, 2019).<br>\ud83d\udc69\ud83c\udffb\u200d\ud83d\udcbbEstamos para prevenir la violencia en tu relaci\u00f3n de pareja, escr\u00edbenos al Chat 100:\ud83d\udc47 https:\/\/chat100.aurora.gob.pe\/<\/p>\n\n\n\n<h1 class=\"wp-block-heading\">SiempreDeTuLado\ud83c\uddf5\ud83c\uddea\ud83e\udd1d<\/h1>\n\n\n\n<figure class=\"wp-block-video\"><video controls src=\"https:\/\/web.ugelcondesuyos.com\/wp-content\/uploads\/WhatsApp-Video-2023-03-10-at-3.29.27-PM-1.mp4\"><\/video><\/figure>\n\n\n\n<p class=\"has-text-align-center\">PROGRAMA AURORA &#8211; MIMP<\/p>\n\n\n\n<figure class=\"wp-block-video\"><video controls src=\"https:\/\/web.ugelcondesuyos.com\/wp-content\/uploads\/WhatsApp-Video-2022-11-25-at-9.03.44-PM.mp4\"><\/video><\/figure>\n\n\n\n<figure class=\"wp-block-video\"><video controls src=\"https:\/\/ugelcondesuyos.com\/Documentosvar\/MIMP2021\/WhatsApp%20Video%202022-01-06%20at%2010.13.07.mp4\"><\/video><figcaption class=\"wp-element-caption\">TODAS Y TODOS PODEMOS ERRADICAR LA VIOLENCIA CONTRA LAS MUJERES.<br>\u00a1CONSTRUYAMOS UNA SOCIEDAD M\u00c1S JUSTA, IGUALITARIA Y LIBRE DE VIOLENCIA!<br><strong>#HAZLADIFERENCIA #FRENALAVIOLENCIA #<\/strong><\/figcaption><\/figure>\n\n\n\n<hr class=\"wp-block-coblocks-dynamic-separator\" style=\"height:50px\">\n\n\n\n<p><a href=\"https:\/\/ugelcondesuyos.com\/Documentosvar\/MIMP2021\/Inicial.rar\" target=\"_blank\" rel=\"noreferrer noopener\">INICIAL<\/a><\/p>\n\n\n\n<p><a href=\"https:\/\/ugelcondesuyos.com\/Documentosvar\/MIMP2021\/Primaria.rar\" target=\"_blank\" rel=\"noreferrer noopener\">PRIMARIA<\/a><\/p>\n\n\n\n<p><a rel=\"noreferrer noopener\" href=\"https:\/\/ugelcondesuyos.com\/Documentosvar\/MIMP2021\/Sesiones%20estudiantes.rar\" target=\"_blank\">SESIONES ESTUDIANTES<\/a><\/p>\n\n\n\n<hr class=\"wp-block-coblocks-dynamic-separator\" style=\"height:50px\">\n\n\n\n<p><strong>RECUERDA LAS SE\u00d1ALES DE ALERTA, ORIENTA Y FACILITA LA DETECCI\u00d3N, ATENCI\u00d3N Y DERIVACI\u00d3N DE CASOS<\/strong><\/p>\n\n\n\n<p><strong><a href=\"https:\/\/ugelcondesuyos.com\/Documentosvar\/decreto-supremo-lineamientos-para-gestion-de-la-convivencia-escolar%20(1).pdf\" target=\"_blank\" rel=\"noreferrer noopener\">DECRETO SUPREMO N\u00b0 004-2018-MINEDU<\/a><\/strong><\/p>\n\n\n\n<p><strong><a rel=\"noreferrer noopener\" href=\"https:\/\/drive.google.com\/file\/d\/13nPKCHhpkr0KnyHogeVpUe38l1o1SZqM\/view?usp=sharing\" target=\"_blank\">MAS INFORMACION<\/a><\/strong><\/p>\n\n\n\n<hr class=\"wp-block-coblocks-dynamic-separator\" style=\"height:50px\">\n\n\n\n<p><strong><a href=\"https:\/\/ugelcondesuyos.com\/mimp\/inicial.zip\" target=\"_blank\" rel=\"noreferrer noopener\">MATERIAL PARA INICIAL<\/a><\/strong><\/p>\n\n\n\n<p><strong><a href=\"https:\/\/ugelcondesuyos.com\/mimp\/primaria.zip\" target=\"_blank\" rel=\"noreferrer noopener\">MATERIAL PARA&nbsp;PRIMARIA<\/a><\/strong><\/p>\n\n\n\n<p><strong><a href=\"https:\/\/ugelcondesuyos.com\/mimp\/secundaria.zip\" target=\"_blank\" rel=\"noreferrer noopener\">MATERIAL PARA&nbsp;SECUNDARIA<\/a><\/strong><\/p>\n","protected":false},"excerpt":{"rendered":"<p>ConsejoChat100 I No sigas el ejemplo de las amistades de Camila. Mejor chatea con tus amigas y amigos del #Chat100. \ud83d\udcf2\ud83d\udcbb Recuerda: Detr\u00e1s de una pantalla puede estar un potencial agresor.\ud83d\udc4b\ud83d\udeab ConsejoNNA | Si alguien te vulnera f\u00edsica y psicol\u00f3gicamente en tu hogar, sigue nuestro consejo. \ud83d\udc49Para recibir orientaci\u00f3n o atenci\u00f3n, llama a la #L\u00ednea100, [&hellip;]<\/p>\n","protected":false},"author":1,"featured_media":0,"parent":0,"menu_order":0,"comment_status":"closed","ping_status":"closed","template":"","meta":{"footnotes":""},"_links":{"self":[{"href":"https:\/\/web.ugelcondesuyos.com\/index.php?rest_route=\/wp\/v2\/pages\/5488"}],"collection":[{"href":"https:\/\/web.ugelcondesuyos.com\/index.php?rest_route=\/wp\/v2\/pages"}],"about":[{"href":"https:\/\/web.ugelcondesuyos.com\/index.php?rest_route=\/wp\/v2\/types\/page"}],"author":[{"embeddable":true,"href":"https:\/\/web.ugelcondesuyos.com\/index.php?rest_route=\/wp\/v2\/users\/1"}],"replies":[{"embeddable":true,"href":"https:\/\/web.ugelcondesuyos.com\/index.php?rest_route=%2Fwp%2Fv2%2Fcomments&post=5488"}],"version-history":[{"count":3,"href":"https:\/\/web.ugelcondesuyos.com\/index.php?rest_route=\/wp\/v2\/pages\/5488\/revisions"}],"predecessor-version":[{"id":5980,"href":"https:\/\/web.ugelcondesuyos.com\/index.php?rest_route=\/wp\/v2\/pages\/5488\/revisions\/5980"}],"wp:attachment":[{"href":"https:\/\/web.ugelcondesuyos.com\/index.php?rest_route=%2Fwp%2Fv2%2Fmedia&parent=5488"}],"curies":[{"name":"wp","href":"https:\/\/api.w.org\/{rel}","templated":true}]}}